-245 - -37023. What is the ten thousands digit of q?
3
Let n(x) = -13*x + 169. Let h be n(13). Suppose h = 7*c - 3339 - 5915. What is the hundreds digit of c?
3
Let g(r) = r**2 - 4. Let s be g(-4). Let v = 159 + -156. Suppose -4*m + s = 2*j - 3*m, -4*m - 7 = -v*j. What is the units digit of j?
5
Suppose -3*p = 15, -4*g + 3*p + 386 = 5*p. Suppose l - g = 4*i, -3*i - 183 = -2*l + 2*i. What is the units digit of l?
9
Let c(f) = 0*f - 433*f**2 + 6*f + 2*f - 70 + 2*f + 443*f**2. What is the hundreds digit of c(9)?
8
Let a be ((-6)/(-7))/(9/42). What is the units digit of a/2*(-7364)/(-56)?
3
Let j(x) = 3*x - 141. Suppose 2*h + 10 = 10. Let c be j(h). Let g = c - -304. What is the units digit of g?
3
Let r(t) = -24 - 3*t**2 - 3*t**2 - 28*t + 0*t**2 + 22*t**2. Let w(l) = -4*l**2 + 7*l + 6. Let n(b) = -2*r(b) - 9*w(b). What is the units digit of n(-8)?
6
Suppose 0 = -32*p + 160019 + 4077. What is the hundreds digit of p?
1
Suppose h = w + 13 - 6, -3*h + 45 = 3*w. Let q(f) be the first derivative of -f**4/4 + 4*f**3 + f**2 - 13*f + 335. What is the units digit of q(h)?
0
Suppose 0 = -51*u + 1440645 + 370569. What is the thousands digit of u?
5
What is the ten thousands digit of (-12 - (6 + -12)) + 5 + 63651 - 7?
6
Suppose -2*a - 1 = h - 3*a, h - 15 = -3*a. Let l be 2720/(-24)*h/2. Let q = 33 - l. What is the tens digit of q?
0
Let w(t) = -33*t + 70. Suppose -4*s - 14 - 62 = 0. What is the units digit of w(s)?
7
Let l = 253 - 201. Suppose -3*s - i + l = 0, -4*s + 5*i = -75 - 7. What is the tens digit of s?
1
Let i be ((-11)/3)/((-2)/432*4). Let v = i + 44. Suppose 2*p = -2*j + 148, -v + 94 = -2*p + j. What is the units digit of p?
4
Let s(w) be the first derivative of 139*w**4/4 - w**3/3 + w**2 - 2*w + 26. What is the hundreds digit of s(1)?
1
Let q = 366 + -216. Suppose 6*s + q = 11*s. Suppose 0 = 4*p - h - s - 162, 0 = -3*p - 3*h + 129. What is the units digit of p?
7
Let u = 152 - 96. Let o = u + -80. Let v = 85 - o. What is the tens digit of v?
0
Suppose 0 = 5*d - 10, 2*z - 120 = -5*d - 28. Suppose 16 + z = y + 3*m, -2*m = 4*y - 278. What is the units digit of y?
2
Let f = -3165 - -10106. What is the units digit of f?
1
Suppose -2*c + 406*h - 409*h = -20619, 2*h - 20614 = -2*c. What is the ten thousands digit of c?
1
Suppose 320 = 33*m - 38*m. What is the hundreds digit of 11/(-2) + (-32)/m - -288?
2
Suppose -h + 1925 = -0*h + 5*b, 3*b = 4*h - 7792. Suppose -g = 3*x - h, -3*x + 1614 + 329 = 2*g. What is the units digit of x?
9
Let t = 274 + -148. Let y be (1/3)/((-7)/t*-6). What is the units digit of 32/(-24)*-3*y?
4
Let p = 1003 + -1926. Let y = -625 - p. What is the units digit of y?
8
Suppose 194*w + 112 = 202*w. What is the tens digit of -34*(-17)/w - 26/91?
4
Let o be 3 + (-9)/((-45)/(-40)) - 145. Let z = o + 290. What is the units digit of z?
0
Suppose -68*l = -69*l + s - 3638, -18174 = 5*l - s. Let d = l - -5225. What is the thousands digit of d?
1
Suppose -12*a + 12 = -8*a. What is the tens digit of a/(-12) + 12136/32 + -8?
7
Suppose -89*k + 100*k - 11275 = 0. Let x = k + -114. What is the hundreds digit of x?
9
Let r(i) = i**3 - 107*i**2 + 2*i - 845. What is the thousands digit of r(108)?
1
Suppose -286*h + 280*h = -54. Suppose -4*f = -2*r + 858, 0 = -r - 6*f + h*f + 430. What is the tens digit of r?
2
Suppose 4*b - 16414 = -350. What is the hundreds digit of b?
0
Suppose -13*d + 57*d + 61105 = 49*d. What is the hundreds digit of d?
2
Let z(t) = -5*t**3 - 540*t**2 - 176*t - 168. What is the ten thousands digit of z(-108)?
1
Let h be ((-13)/(-2) - 5) + (-758)/4. Suppose 11*x - 6522 = -2331. Let r = h + x. What is the hundreds digit of r?
1
Suppose 0 = 54*w - 26*w - 168. What is the thousands digit of -2359*(-14)/(196/w)?
1
Let p(d) = d**3 - 10*d**2 + 9*d - 13. Let o be p(7). Let y = o - -115. Suppose -13*r + y*r - 515 = 0. What is the hundreds digit of r?
1
Suppose -6010 = -30*d + 1849340. What is the ten thousands digit of d?
6
Let s = 318 + -313. Suppose 8*q - 1062 = -4*w + s*q, -w + 257 = 5*q. What is the units digit of w?
7
Suppose 0 = -2*h + l + 7, 0 = 3*h + h - 5*l - 23. Suppose -5*z + h*p + 8 = 0, -2*p + 0*p - 8 = 0. Suppose z = 8*a - 14*a + 252. What is the tens digit of a?
4
Let v = 2853 - 2860. Let n(m) be the first derivative of m**4/4 + 10*m**3/3 + 2*m**2 - 5*m + 1. What is the hundreds digit of n(v)?
1
Let i = -2394 - -2338. Let n(j) = j**3 + j**2 - 2*j + 6. Let d be n(4). Let l = d + i. What is the tens digit of l?
2
Suppose -100*u + 104*u = 0. Suppose 7 + u = o. Let p = o - -7. What is the units digit of p?
4
Let s be -3 - 10/((-20)/14). Suppose -s*w + 3147 = 5*a, -2*w + 62*a - 67*a = -1581. What is the units digit of w?
3
Let c(p) = 2*p**3 - 4*p**2 + p + 6. Let j be c(3). What is the hundreds digit of 360/j*(-261)/(-12)?
2
Let s(u) = -u**3 + 18*u**2 + 63*u. Let r be s(21). Suppose r = 7*i - 2709 + 595. What is the tens digit of i?
0
Let z(l) = 1826 + l - 3407 + 1763. What is the tens digit of z(6)?
8
Let s(l) = -l**2 + 23*l - 60. Let q be s(20). Suppose q = 4*r - 5*v - 1207, 2*v = -4*r + 2*r + 590. What is the units digit of r?
8
Suppose 0 = -5*g + 3*o + 19116, -4*o - 7189 - 449 = -2*g. What is the hundreds digit of g?
8
Let g = 968 + 3839. Suppose -2414 = -23*f + 21*f - 4*u, -g = -4*f - u. What is the units digit of f?
1
Suppose 6 = 4*k - 3*k + 4*i, -2*i = 2. Suppose k*w = 9*w + 463. What is the hundreds digit of w?
4
What is the units digit of (-1)/4 - -97055*30/40?
1
Let y(a) = a**3 - 95*a**2 - 100*a - 468. What is the units digit of y(98)?
4
Let q(z) = 27*z - 120. Let s = 717 - 712. What is the tens digit of q(s)?
1
Suppose -3*i = -2*h - 48, -2*i + 2*h + 0*h + 30 = 0. Suppose -9196 = -i*u - 2356. What is the hundreds digit of u?
3
Let k = 9142 + -7164. What is the tens digit of k?
7
Let n(d) = -2*d**3 + 51*d**2 + 20*d + 6. Let u(g) = g**3 - g**2 + 2*g + 1. Let q(h) = -n(h) - 4*u(h). What is the hundreds digit of q(-23)?
1
Let h(c) = 2*c**2 + 4*c - 4. Let o = 3 + -7. Let k be h(o). Suppose -2*v = -116 - k. What is the units digit of v?
4
Let k(a) = 356*a + 46. Let l be k(11). Suppose 3*j = 3*c - 3960, -l = 41*c - 44*c + 4*j. What is the units digit of c?
8
Let z(q) = q**3 + 24*q**2 - 10*q**2 + 23 - 3 - 2*q. What is the tens digit of z(-7)?
7
Suppose 0*q + q - 6 = 0. Suppose -q*k + 297 = -45. Suppose b - 6*b = -4*d - k, -d + 33 = 4*b. What is the units digit of b?
9
Let m = 662 - -4354. What is the units digit of m?
6
Let k(o) = -606*o + 4844. What is the tens digit of k(0)?
4
Suppose 3*i = -4*f + 33867, -292*f - i = -290*f - 16931. What is the tens digit of f?
6
Suppose 2*f + 0 = 4. What is the tens digit of ((-28)/(-84))/(f/672)?
1
Let y be ((-8)/(-2))/4 + -3. Let p be (-108)/(-2) + (-9)/(-5 - y). Suppose o - p = 13. What is the units digit of o?
0
Let c(g) = -34 - 7*g**2 - 5*g**3 - 2*g - 36*g + g**3 + 26*g**2 + 5*g**3. What is the units digit of c(-17)?
0
Let z(v) = 80*v**2 - v - 9. Suppose -21 = 14*w + 7. What is the hundreds digit of z(w)?
3
Let c(p) = p**3 - 3*p**2 - 7*p - 11. Let y be c(5). Suppose -3*w + u - y = 4, -5*u = w - 24. What is the hundreds digit of (1/(56/(-2064)))/(w/7)?
2
Suppose 4*i = 3*v - 3, -5*i - 3 = -0*v - 4*v. What is the units digit of 1 - 58/(i + 2)?
9
Let s be 2/8 + (-66)/(-24). Suppose s*x + 9 - 42 = 0. What is the tens digit of ((-11)/x)/((-2)/246)?
2
Suppose -5*v = -2*s - 60, 7*s = -v + 9*s + 20. Suppose v*b - 3*b - 2695 = 0. What is the hundreds digit of b?
3
Suppose 2*l = -3*j + 1732 - 390, 4*j + l = 1796. Suppose p = 7*p - j. What is the hundreds digit of 10176/45 - 10/p?
2
Suppose -17559 = -4*o + j, -30*o + 28*o = -2*j - 8778. What is the hundreds digit of o?
3
Let h = 328 + -332. What is the tens digit of (-2970)/(-14) - h/(-28)?
1
Let k(m) = 193*m - 6. Let q be k(2). Suppose 6*o + q = 4*o. Let r = o - -375. What is the units digit of r?
5
Suppose 4*s + 3 = 19. Suppose o = -s, 4*b - 2*b + 5*o = -12. Suppose -b*u - 236 = -8*u. What is the units digit of u?
9
Let v = 3072 + -930. What is the hundreds digit of v?
1
Let x = 4314 - -1516. What is the units digit of x?
0
Suppose 48273 = -9*u + 141801. What is the thousands digit of u?
0
Suppose 2*j - 3966 - 1506 = m, -j - 4*m + 2745 = 0. What is the thousands digit of j?
2
Let o = -15128 - -36350. What is the thousands digit of o?
1
Let